ded by 26?
22
Calculate the remainder when 44 is divided by 12.
8
Calculate the remainder when 258 is divided by 72.
42
Calculate the remainder when 241 is divided by 92.
57
What is the remainder when 498 is divided by 128?
114
What is the remainder when 593 is divided by 17?
15
What is the remainder when 328 is divided by 16?
8
What is the remainder when 227 is divided by 114?
113
What is the remainder when 1696 is divided by 37?
31
Calculate the remainder when 385 is divided by 144.
97
Calculate the remainder when 5313 is divided by 19.
12
Calculate the remainder when 124 is divided by 33.
25
What is the remainder when 1031 is divided by 36?
23
What is the remainder when 680 is divided by 115?
105
What is the remainder when 151 is divided by 14?
11
Calculate the remainder when 207 is divided by 14.
11
What is the remainder when 35102 is divided by 8?
6
What is the remainder when 115 is divided by 44?
27
What is the remainder when 103 is divided by 54?
49
What is the remainder when 63 is divided by 32?
31
Calculate the remainder when 942 is divided by 313.
3
Calculate the remainder when 1320 is divided by 53.
48
Calculate the remainder when 886 is divided by 179.
170
What is the remainder when 497 is divided by 50?
47
Calculate the remainder when 402 is divided by 34.
28
What is the remainder when 109 is divided by 40?
29
Calculate the remainder when 355 is divided by 90.
85
What is the remainder when 469 is divided by 104?
53
Calculate the remainder when 2686 is divided by 32.
30
What is the remainder when 1416 is divided by 372?
300
Calculate the remainder when 181 is divided by 47.
40
What is the remainder when 55 is divided by 31?
24
Calculate the remainder when 74 is divided by 26.
22
Calculate the remainder when 297 is divided by 71.
13
What is the remainder when 34 is divided by 10?
4
Calculate the remainder when 194 is divided by 42.
26
Calculate the remainder when 9 is divided by 3.
0
What is the remainder when 793 is divided by 134?
123
What is the remainder when 56 is divided by 16?
8
Calculate the remainder when 276 is divided by 24.
12
Calculate the remainder when 3019 is divided by 168.
163
What is the remainder when 441 is divided by 26?
25
Calculate the remainder when 3601 is divided by 1199.
4
Calculate the remainder when 76 is divided by 54.
22
Calculate the remainder when 10 is divided by 7.
3
Calculate the remainder when 388 is divided by 99.
91
Calculate the remainder when 181 is divided by 55.
16
What is the remainder when 61 is divided by 54?
7
What is the remainder when 1077 is divided by 63?
6
Calculate the remainder when 283 is divided by 87.
22
Calculate the remainder when 1468 is divided by 15.
13
Calculate the remainder when 128 is divided by 23.
13
Calculate the remainder when 359 is divided by 23.
14
What is the remainder when 159 is divided by 55?
49
What is the remainder when 13223 is divided by 23?
21
Calculate the remainder when 9501 is divided by 14.
9
Calculate the remainder when 404 is divided by 7.
5
Calculate the remainder when 1306 is divided by 146.
138
Calculate the remainder when 160 is divided by 60.
40
Calculate the remainder when 150 is divided by 134.
16
What is the remainder when 119 is divided by 65?
54
What is the remainder when 1 is divided by 1?
0
Calculate the remainder when 8516 is divided by 20.
16
Calculate the remainder when 881 is divided by 46.
7
What is the remainder when 1025 is divided by 69?
59
What is the remainder when 238 is divided by 30?
28
Calculate the remainder when 223 is divided by 75.
73
What is the remainder when 250 is divided by 30?
10
What is the remainder when 867 is divided by 31?
30
What is the remainder when 43 is divided by 9?
7
What is the remainder when 8263 is divided by 6?
1
What is the remainder when 4577 is divided by 762?
5
Calculate the remainder when 546 is divided by 79.
72
Calculate the remainder when 107 is divided by 12.
11
Calculate the remainder when 409 is divided by 41.
40
What is the remainder when 409 is divided by 57?
10
What is the remainder when 6269 is divided by 49?
46
What is the remainder when 13774 is divided by 14?
12
What is the remainder when 35 is divided by 6?
5
Calculate the remainder when 8414 is divided by 99.
98
What is the remainder when 197 is divided by 18?
17
What is the remainder when 8 is divided by 3?
2
Calculate the remainder when 747 is divided by 152.
139
What is the remainder when 165 is divided by 85?
80
What is the remainder when 114 is divided by 14?
2
What is the remainder when 452 is divided by 113?
0
Calculate the remainder when 158 is divided by 73.
12
Calculate the remainder when 434 is divided by 87.
86
Calculate the remainder when 293 is divided by 187.
106
What is the remainder when 271 is divided by 16?
15
What is the remainder when 11527 is divided by 79?
72
Calculate the remainder when 831 is divided by 52.
51
Calculate the remainder when 74 is divided by 44.
30
What is the remainder when 31 is divided by 13?
5
Calculate the remainder when 46 is divided by 26.
20
Calculate the remainder when 237 is divided by 85.
67
Calculate the remainder when 347 is divided by 70.
67
Calculate the remainder when 2335 is divided by 57.
55
What is the remainder when 1793 is divided by 6?
5
Calculate the remainder when 27 is divided by 11.
5
Calculate the remainder when 3969 is divided by 137.
133
What is the remainder when 2005 is divided by 86?
27
Calculate the remainder when 116 is divided by 64.
52
What is the remainder when 101 is divided by 26?
23
What is the remainder when 173 is divided by 29?
28
What is the remainder when 375 is divided by 94?
93
Calculate the remainder when 317 is divided by 25.
17
What is the remainder when 43 is divided by 7?
1
Calculate the remainder when 134 is divided by 17.
15
What is the remainder when 192 is divided by 72?
48
Calculate the remainder when 335 is divided by 91.
62
Calculate the remainder when 4835 is divided by 29.
21
Calculate the remainder when 176 is divided by 96.
80
What is the remainder when 161 is divided by 17?
8
Calculate the remainder when 55 is divided by 3.
1
What is the remainder when 699 is divided by 20?
19
Calculate the remainder when 1124 is divided by 373.
5
Calculate the remainder when 884 is divided by 223.
215
What is the remainder when 1320 is divided by 335?
315
Calculate the remainder when 142 is divided by 30.
22
Calculate the remainder when 416 is divided by 91.
52
What is the remainder when 203 is divided by 92?
19
What is the remainder when 398 is divided by 49?
6
Calculate the remainder when 115 is divided by 8.
3
Calculate the remainder when 136 is divided by 25.
11
What is the remainder when 142 is divided by 50?
42
What is the remainder when 550 is divided by 12?
10
What is the remainder when 202 is divided by 31?
16
What is the remainder when 161 is divided by 77?
7
What is the remainder when 146 is divided by 22?
14
What is the remainder when 10687 is divided by 10?
7
Calculate the remainder when 245 is divided by 87.
71
Calculate the remainder when 55 is divided by 36.
19
Calculate the remainder when 154 is divided by 35.
14
Calculate the remainder when 1885 is divided by 51.
49
Calculate the remainder when 4 is divided by 4.
0
What is the remainder when 84 is divided by 28?
0
What is the remainder when 116927 is divided by 116?
115
What is the remainder when 1226 is divided by 123?
119
What is the remainder when 896 is divided by 286?
38
Calculate the remainder when 538 is divided by 27.
25
What is the remainder when 388 is divided by 266?
122
What is the remainder when 767 is divided by 12?
11
What is the remainder when 4600 is divided by 43?
42
What is the remainder when 212 is divided by 42?
2
Calculate the remainder when 155 is divided by 35.
15
Calculate the remainder when 723 is divided by 11.
8
Calculate the remainder when 910 is divided by 76.
74
Calculate the remainder when 227 is divided by 75.
2
Calculate the remainder when 27661 is divided by 182.
179
Calculate the remainder when 34 is divided by 25.
9
Calculate the remainder when 1293 is divided by 48.
45
Calculate the remainder when 454 is divided by 19.
17
What is the remainder when 475 is divided by 19?
0
What is the remainder when 60 is divided by 14?
4
Calculat